{"id":1846,"date":"2014-06-30T01:41:34","date_gmt":"2014-06-30T01:41:34","guid":{"rendered":"http:\/\/localhost\/wordpress\/strollik_v2\/home_eshaver\/?page_id=1846"},"modified":"2025-10-17T12:33:01","modified_gmt":"2025-10-17T10:33:01","slug":"faq","status":"publish","type":"page","link":"https:\/\/www.freevisio.com\/index.php\/faq\/","title":{"rendered":"FAQ"},"content":{"rendered":"<p>[vc_row][vc_column width=\u00a0\u00bb3\/4&Prime;][vc_tta_tabs color=\u00a0\u00bbwhite\u00a0\u00bb active_section=\u00a0\u00bb1&Prime;][vc_tta_section title=\u00a0\u00bbVous avez une question ? Nous avons s\u00fbrement la r\u00e9ponse ici !\u00a0\u00bb tab_id=\u00a0\u00bb1452848404714-86b92f51-3f47&Prime;][vc_toggle title=\u00a0\u00bbQuels sont les frais de port ?\u00a0\u00bb open=\u00a0\u00bbtrue\u00a0\u00bb el_id=\u00a0\u00bb1452848565310-a45c25b5-0d16&Prime;]Les frais de port varient selon la quantit\u00e9 de Freevisio command\u00e9e. L\u2019envoi est effectu\u00e9 par la Poste, avec un tarif adapt\u00e9 au poids.[\/vc_toggle][vc_toggle title=\u00a0\u00bbQuels moyens de paiement acceptez-vous ?\u00a0\u00bb el_id=\u00a0\u00bb1452848568914-96c89e5a-3032&Prime;]Vous pouvez r\u00e9gler votre commande via <strong data-start=\"659\" data-end=\"669\">Paypal<\/strong> en toute s\u00e9curit\u00e9.<\/p>\n<p>En savoir plus sur la s\u00e9curit\u00e9 des paiements sur le <a href=\"https:\/\/www.paypal.com\/fr\/webapps\/mpp\/security\">site officiel de PayPal<\/a>.[\/vc_toggle][vc_toggle title=\u00a0\u00bbCombien de temps faut-il pour recevoir ma commande ?\u00a0\u00bb el_id=\u00a0\u00bb1452848572294-7f2fc4c9-322f\u00a0\u00bb]La livraison prend g\u00e9n\u00e9ralement <strong data-start=\"843\" data-end=\"858\">7 \u00e0 8 jours<\/strong> selon la Poste.[\/vc_toggle][vc_toggle title=\u00a0\u00bbVais-je recevoir une facture ?\u00a0\u00bb el_id=\u00a0\u00bb1452848578973-5bb326d6-ab1d\u00a0\u00bb]Oui ! Une <strong data-start=\"927\" data-end=\"942\">facture <\/strong>et un <strong data-start=\"949\" data-end=\"978\">r\u00e9capitulatif de commande<\/strong> vous sont envoy\u00e9s par email juste apr\u00e8s votre achat.[\/vc_toggle][vc_toggle title=\u00a0\u00bbLe Freevisio r\u00e9siste-t-il \u00e0 la pluie intense ?\u00a0\u00bb]Oui, il est <strong data-start=\"1605\" data-end=\"1647\">con\u00e7u pour r\u00e9sister \u00e0 de fortes pluies<\/strong> et nettoyer efficacement votre visi\u00e8re ou vos lunettes.[\/vc_toggle][\/vc_tta_section][\/vc_tta_tabs][\/vc_column][\/vc_row][vc_row][vc_column][vc_column_text][\/vc_column_text][\/vc_column][\/vc_row]<\/p>\n","protected":false},"excerpt":{"rendered":"<p>[vc_row][vc_column width=\u00a0\u00bb3\/4&Prime;][vc_tta_tabs color=\u00a0\u00bbwhite\u00a0\u00bb active_section=\u00a0\u00bb1&Prime;][vc_tta_section title=\u00a0\u00bbVous avez une question ? Nous avons s\u00fbrement la r\u00e9ponse ici !\u00a0\u00bb tab_id=\u00a0\u00bb1452848404714-86b92f51-3f47&Prime;][vc_toggle title=\u00a0\u00bbQuels sont les frais de port ?\u00a0\u00bb open=\u00a0\u00bbtrue\u00a0\u00bb el_id=\u00a0\u00bb1452848565310-a45c25b5-0d16&Prime;]Les frais de port varient selon la quantit\u00e9 de Freevisio command\u00e9e. L\u2019envoi est effectu\u00e9 par la Poste, avec un tarif adapt\u00e9 au poids.[\/vc_toggle][vc_toggle title=\u00a0\u00bbQuels moyens de paiement acceptez-vous ?\u00a0\u00bb el_id=\u00a0\u00bb1452848568914-96c89e5a-3032&Prime;]Vous &hellip; <a href=\"https:\/\/www.freevisio.com\/index.php\/faq\/\" class=\"more-link\">Continuer la lecture <span class=\"screen-reader-text\">FAQ<\/span><span class=\"meta-nav\">&rarr;<\/span><\/a><\/p>\n","protected":false},"author":1,"featured_media":0,"parent":0,"menu_order":0,"comment_status":"closed","ping_status":"closed","template":"","meta":{"footnotes":""},"class_list":["post-1846","page","type-page","status-publish","hentry"],"yoast_head":"<!-- This site is optimized with the Yoast SEO plugin v27.3 - https:\/\/yoast.com\/product\/yoast-seo-wordpress\/ -->\n<title>FAQ - Freevisio<\/title>\n<meta name=\"description\" content=\"Trouvez toutes les r\u00e9ponses \u00e0 vos questions sur Freevisio : livraison, fabrication, utilisation, retours et paiement. Une FAQ compl\u00e8te pour vous guider.\" \/>\n<meta name=\"robots\" content=\"index, follow, max-snippet:-1, max-image-preview:large, max-video-preview:-1\" \/>\n<link rel=\"canonical\" href=\"https:\/\/www.freevisio.com\/index.php\/faq\/\" \/>\n<meta property=\"og:locale\" content=\"fr_FR\" \/>\n<meta property=\"og:type\" content=\"article\" \/>\n<meta property=\"og:title\" content=\"FAQ - Freevisio\" \/>\n<meta property=\"og:description\" content=\"Trouvez toutes les r\u00e9ponses \u00e0 vos questions sur Freevisio : livraison, fabrication, utilisation, retours et paiement. Une FAQ compl\u00e8te pour vous guider.\" \/>\n<meta property=\"og:url\" content=\"https:\/\/www.freevisio.com\/index.php\/faq\/\" \/>\n<meta property=\"og:site_name\" content=\"Freevisio\" \/>\n<meta property=\"article:modified_time\" content=\"2025-10-17T10:33:01+00:00\" \/>\n<meta name=\"twitter:card\" content=\"summary_large_image\" \/>\n<meta name=\"twitter:label1\" content=\"Dur\u00e9e de lecture estim\u00e9e\" \/>\n\t<meta name=\"twitter:data1\" content=\"1 minute\" \/>\n<script type=\"application\/ld+json\" class=\"yoast-schema-graph\">{\"@context\":\"https:\\\/\\\/schema.org\",\"@graph\":[{\"@type\":\"WebPage\",\"@id\":\"https:\\\/\\\/www.freevisio.com\\\/index.php\\\/faq\\\/\",\"url\":\"https:\\\/\\\/www.freevisio.com\\\/index.php\\\/faq\\\/\",\"name\":\"FAQ - Freevisio\",\"isPartOf\":{\"@id\":\"https:\\\/\\\/www.freevisio.com\\\/#website\"},\"datePublished\":\"2014-06-30T01:41:34+00:00\",\"dateModified\":\"2025-10-17T10:33:01+00:00\",\"description\":\"Trouvez toutes les r\u00e9ponses \u00e0 vos questions sur Freevisio : livraison, fabrication, utilisation, retours et paiement. Une FAQ compl\u00e8te pour vous guider.\",\"breadcrumb\":{\"@id\":\"https:\\\/\\\/www.freevisio.com\\\/index.php\\\/faq\\\/#breadcrumb\"},\"inLanguage\":\"fr-FR\",\"potentialAction\":[{\"@type\":\"ReadAction\",\"target\":[\"https:\\\/\\\/www.freevisio.com\\\/index.php\\\/faq\\\/\"]}]},{\"@type\":\"BreadcrumbList\",\"@id\":\"https:\\\/\\\/www.freevisio.com\\\/index.php\\\/faq\\\/#breadcrumb\",\"itemListElement\":[{\"@type\":\"ListItem\",\"position\":1,\"name\":\"Accueil\",\"item\":\"https:\\\/\\\/www.freevisio.com\\\/\"},{\"@type\":\"ListItem\",\"position\":2,\"name\":\"FAQ\"}]},{\"@type\":\"WebSite\",\"@id\":\"https:\\\/\\\/www.freevisio.com\\\/#website\",\"url\":\"https:\\\/\\\/www.freevisio.com\\\/\",\"name\":\"Freevisio\",\"description\":\"\",\"publisher\":{\"@id\":\"https:\\\/\\\/www.freevisio.com\\\/#organization\"},\"potentialAction\":[{\"@type\":\"SearchAction\",\"target\":{\"@type\":\"EntryPoint\",\"urlTemplate\":\"https:\\\/\\\/www.freevisio.com\\\/?s={search_term_string}\"},\"query-input\":{\"@type\":\"PropertyValueSpecification\",\"valueRequired\":true,\"valueName\":\"search_term_string\"}}],\"inLanguage\":\"fr-FR\"},{\"@type\":\"Organization\",\"@id\":\"https:\\\/\\\/www.freevisio.com\\\/#organization\",\"name\":\"Freevisio\",\"url\":\"https:\\\/\\\/www.freevisio.com\\\/\",\"logo\":{\"@type\":\"ImageObject\",\"inLanguage\":\"fr-FR\",\"@id\":\"https:\\\/\\\/www.freevisio.com\\\/#\\\/schema\\\/logo\\\/image\\\/\",\"url\":\"https:\\\/\\\/www.freevisio.com\\\/wp-content\\\/uploads\\\/2018\\\/09\\\/FVpetitlogo2-e1537113081419.png\",\"contentUrl\":\"https:\\\/\\\/www.freevisio.com\\\/wp-content\\\/uploads\\\/2018\\\/09\\\/FVpetitlogo2-e1537113081419.png\",\"width\":50,\"height\":79,\"caption\":\"Freevisio\"},\"image\":{\"@id\":\"https:\\\/\\\/www.freevisio.com\\\/#\\\/schema\\\/logo\\\/image\\\/\"},\"sameAs\":[\"https:\\\/\\\/www.instagram.com\\\/freevisio_insta\\\/\"]}]}<\/script>\n<!-- \/ Yoast SEO plugin. -->","yoast_head_json":{"title":"FAQ - Freevisio","description":"Trouvez toutes les r\u00e9ponses \u00e0 vos questions sur Freevisio : livraison, fabrication, utilisation, retours et paiement. Une FAQ compl\u00e8te pour vous guider.","robots":{"index":"index","follow":"follow","max-snippet":"max-snippet:-1","max-image-preview":"max-image-preview:large","max-video-preview":"max-video-preview:-1"},"canonical":"https:\/\/www.freevisio.com\/index.php\/faq\/","og_locale":"fr_FR","og_type":"article","og_title":"FAQ - Freevisio","og_description":"Trouvez toutes les r\u00e9ponses \u00e0 vos questions sur Freevisio : livraison, fabrication, utilisation, retours et paiement. Une FAQ compl\u00e8te pour vous guider.","og_url":"https:\/\/www.freevisio.com\/index.php\/faq\/","og_site_name":"Freevisio","article_modified_time":"2025-10-17T10:33:01+00:00","twitter_card":"summary_large_image","twitter_misc":{"Dur\u00e9e de lecture estim\u00e9e":"1 minute"},"schema":{"@context":"https:\/\/schema.org","@graph":[{"@type":"WebPage","@id":"https:\/\/www.freevisio.com\/index.php\/faq\/","url":"https:\/\/www.freevisio.com\/index.php\/faq\/","name":"FAQ - Freevisio","isPartOf":{"@id":"https:\/\/www.freevisio.com\/#website"},"datePublished":"2014-06-30T01:41:34+00:00","dateModified":"2025-10-17T10:33:01+00:00","description":"Trouvez toutes les r\u00e9ponses \u00e0 vos questions sur Freevisio : livraison, fabrication, utilisation, retours et paiement. Une FAQ compl\u00e8te pour vous guider.","breadcrumb":{"@id":"https:\/\/www.freevisio.com\/index.php\/faq\/#breadcrumb"},"inLanguage":"fr-FR","potentialAction":[{"@type":"ReadAction","target":["https:\/\/www.freevisio.com\/index.php\/faq\/"]}]},{"@type":"BreadcrumbList","@id":"https:\/\/www.freevisio.com\/index.php\/faq\/#breadcrumb","itemListElement":[{"@type":"ListItem","position":1,"name":"Accueil","item":"https:\/\/www.freevisio.com\/"},{"@type":"ListItem","position":2,"name":"FAQ"}]},{"@type":"WebSite","@id":"https:\/\/www.freevisio.com\/#website","url":"https:\/\/www.freevisio.com\/","name":"Freevisio","description":"","publisher":{"@id":"https:\/\/www.freevisio.com\/#organization"},"potentialAction":[{"@type":"SearchAction","target":{"@type":"EntryPoint","urlTemplate":"https:\/\/www.freevisio.com\/?s={search_term_string}"},"query-input":{"@type":"PropertyValueSpecification","valueRequired":true,"valueName":"search_term_string"}}],"inLanguage":"fr-FR"},{"@type":"Organization","@id":"https:\/\/www.freevisio.com\/#organization","name":"Freevisio","url":"https:\/\/www.freevisio.com\/","logo":{"@type":"ImageObject","inLanguage":"fr-FR","@id":"https:\/\/www.freevisio.com\/#\/schema\/logo\/image\/","url":"https:\/\/www.freevisio.com\/wp-content\/uploads\/2018\/09\/FVpetitlogo2-e1537113081419.png","contentUrl":"https:\/\/www.freevisio.com\/wp-content\/uploads\/2018\/09\/FVpetitlogo2-e1537113081419.png","width":50,"height":79,"caption":"Freevisio"},"image":{"@id":"https:\/\/www.freevisio.com\/#\/schema\/logo\/image\/"},"sameAs":["https:\/\/www.instagram.com\/freevisio_insta\/"]}]}},"_links":{"self":[{"href":"https:\/\/www.freevisio.com\/index.php\/wp-json\/wp\/v2\/pages\/1846","targetHints":{"allow":["GET"]}}],"collection":[{"href":"https:\/\/www.freevisio.com\/index.php\/wp-json\/wp\/v2\/pages"}],"about":[{"href":"https:\/\/www.freevisio.com\/index.php\/wp-json\/wp\/v2\/types\/page"}],"author":[{"embeddable":true,"href":"https:\/\/www.freevisio.com\/index.php\/wp-json\/wp\/v2\/users\/1"}],"replies":[{"embeddable":true,"href":"https:\/\/www.freevisio.com\/index.php\/wp-json\/wp\/v2\/comments?post=1846"}],"version-history":[{"count":9,"href":"https:\/\/www.freevisio.com\/index.php\/wp-json\/wp\/v2\/pages\/1846\/revisions"}],"predecessor-version":[{"id":9329,"href":"https:\/\/www.freevisio.com\/index.php\/wp-json\/wp\/v2\/pages\/1846\/revisions\/9329"}],"wp:attachment":[{"href":"https:\/\/www.freevisio.com\/index.php\/wp-json\/wp\/v2\/media?parent=1846"}],"curies":[{"name":"wp","href":"https:\/\/api.w.org\/{rel}","templated":true}]}}